51. What is b(-3)?
3
Let q(j) = -8*j - 12. Determine q(-2).
4
Let f(w) = w**2 - 16*w - 37. What is f(18)?
-1
Let o(y) = 16*y - 53. What is o(4)?
11
Let w(y) = 2*y**3 - 2*y**2 - 4*y + 4. Give w(3).
28
Let a(y) = -y**2 - 10*y + 3. Calculate a(-7).
24
Let h(d) = 3*d - 66. Give h(22).
0
Let m(o) = -84*o**3 - 2*o**2 - o + 1. Give m(-1).
84
Let w(h) = -h + 15. Give w(11).
4
Let c(j) = -3*j**2 - 16*j + 15. Determine c(-9).
-84
Let v(g) = g + 11. Calculate v(10).
21
Let r(m) = m**3 - 7*m**2 - 10*m + 15. Determine r(8).
-1
Let s(v) = 2*v**3 + 19*v**2 - 9*v + 2. Give s(-10).
-8
Let d(w) = w**3 + 8*w**2 + 10*w + 9. Give d(-6).
21
Let x(f) = -f**3 - 11*f**2 - 9*f - 14. Give x(-10).
-24
Let q(o) = 2*o**2 - 14*o + 2. Give q(6).
-10
Let w(d) = -6*d + 78. Calculate w(17).
-24
Let b(i) = 2*i - 1. Calculate b(3).
5
Let r(c) = c**2 - 5*c - 2. Give r(4).
-6
Let f(g) = g**3 + 9*g**2 + 6*g + 7. Give f(-8).
23
Let c(l) = -l**3 - 9*l**2 + 11*l + 6. What is c(-10)?
-4
Let b(v) = -v**3 + v**2 + 40*v - 102. Determine b(3).
0
Let i(a) = -a**3 + 9*a**2 + 20*a - 17. Calculate i(10).
83
Let b(l) = 3*l**3 - 4*l**2 + 1. What is b(3)?
46
Let s(f) = -2*f**2 - 2*f + 5. Calculate s(-4).
-19
Let d(h) = -14*h - 31. Calculate d(0).
-31
Let p(a) = a**2 + 33*a + 57. Give p(-2).
-5
Let j(w) = -79*w + 4. Calculate j(1).
-75
Let p(g) = -g**2 + 10*g + 29. Determine p(6).
53
Let y(r) = -r**2 - 3*r - 7. Give y(5).
-47
Let r(a) = -18*a + 272. Determine r(17).
-34
Let x(l) = -l**3 - 4*l**2 - 19. Determine x(-5).
6
Let i(b) = -3*b**3 + 2*b**2 - 3*b + 2. What is i(1)?
-2
Let z(b) = -b**3 + 12*b**2 + 3. What is z(12)?
3
Let v(c) = c**2 + 3. Calculate v(5).
28
Let t(n) = -n**2 + 6*n + 4. Calculate t(3).
13
Let p(k) = -15*k - 7. Calculate p(5).
-82
Let c(m) = -m**3 + 9*m**2 + 9*m. Determine c(10).
-10
Let c(w) = 14*w - 36. What is c(-12)?
-204
Let b(j) = -j**3 + 5*j**2 + 3*j - 28. What is b(5)?
-13
Let f(o) = 6*o + 3. Calculate f(-2).
-9
Let a(h) = h**3 + 7*h**2 + 2*h - 4. What is a(-6)?
20
Let y(u) = 3*u**3 - 16*u**2 + 5*u + 2. Give y(5).
2
Let l(d) = -18*d + 98. Give l(5).
8
Let y(g) = -g**3 + 6*g**2 + 9*g - 8. Calculate y(8).
-64
Let m(b) = b**3 - 5*b**2 - 24*b - 8. Determine m(8).
-8
Let h(f) = -f**2 - 27*f - 87. What is h(-23)?
5
Let z(g) = 2*g**2 - 2*g + 1. Calculate z(6).
61
Let a(c) = -c + 8. Calculate a(11).
-3
Let u(a) = -a**3 - 3*a**2 + 4*a. Determine u(-3).
-12
Let t(h) = 3*h**2 - 7*h + 17. Give t(5).
57
Let u(y) = -14*y - 252. Determine u(-19).
14
Let l(i) = i + 13. Determine l(0).
13
Let q(p) = 7*p**3 + 2*p**2 - 1. What is q(-1)?
-6
Let r(h) = -4*h + 11. Calculate r(6).
-13
Let z(y) = -8*y - 5. Calculate z(-2).
11
Let n(s) = -5*s - 4. What is n(5)?
-29
Let c(p) = -p**2 + 5*p + 17. Give c(9).
-19
Let r(f) = f**2 + 8*f - 7. Give r(-5).
-22
Let i(p) = 4*p - 32. Calculate i(5).
-12
Let j(t) = -5*t**2 + 2*t - 7. Determine j(2).
-23
Let o(j) = j**2 + 9*j + 6. Give o(-5).
-14
Let w(m) = m**3 - 4*m**2 - m - 17. Give w(5).
3
Let k(i) = -208*i - 618. Determine k(-3).
6
Let b(g) = g**2 + 11*g + 13. Give b(-7).
-15
Let g(j) = j**2 + 7*j - 2. What is g(-7)?
-2
Let a(j) = -j**2 + 15*j - 52. Determine a(6).
2
Let j(s) = -4*s - 17. Determine j(6).
-41
Let s(u) = 4*u - 2. Give s(2).
6
Let y(n) = n - 4. Give y(5).
1
Let r(s) = 3*s + 7. What is r(-2)?
1
Let s(p) = -p**3 - 3*p**2 + 6*p + 8. Determine s(-4).
0
Let o(r) = -4*r + 4. Determine o(5).
-16
Let u(o) = -2*o**2 + 8*o + 28. What is u(5)?
18
Let m(g) = -11*g - 375. Calculate m(-34).
-1
Let k(f) = 3*f - 28. Determine k(12).
8
Let z(s) = -2*s + 10. Give z(7).
-4
Let i(v) = v**3 + 3*v**2 - 6*v - 14. Determine i(-4).
-6
Let o(j) = -j**3 + 11*j**2 - 8*j - 17. Calculate o(10).
3
Let x(g) = -108*g - 545. Give x(-5).
-5
Let v(f) = f**3 - 20*f**2 - 2*f + 34. Give v(20).
-6
Let s(y) = -y - 13. What is s(-15)?
2
Let a(x) = -7*x - 27. Calculate a(8).
-83
Let m(d) = d**3 - 11*d**2 - 13*d + 23. Give m(12).
11
Let y(b) = -11*b - 33. What is y(-2)?
-11
Let s(b) = 2*b**2 + b - 6. Determine s(-3).
9
Let o(i) = 4*i**2 + 3*i. Give o(-2).
10
Let z(j) = -j**2 + 17*j - 14. Calculate z(16).
2
Let u(t) = 8*t + 25. What is u(-5)?
-15
Let s(t) = t**3 + 2*t**2 - 3. Give s(-3).
-12
Let s(t) = -t - 9. Give s(-11).
2
Let i(l) = 4*l - 28. What is i(7)?
0
Let m(c) = -c**3 + 19*c**2 - 46*c - 45. Give m(16).
-13
Let m(o) = -62*o + 2. What is m(-1)?
64
Let q(y) = 4*y - 18. What is q(6)?
6
Let t(d) = 3*d**2 - d - 2. Calculate t(3).
22
Let n(k) = -2*k**3 - 6*k**2 - 7*k - 9. What is n(-2)?
-3
Let a(v) = 3*v + 7. Determine a(-5).
-8
Let l(g) = g**2 - 67*g + 5. What is l(67)?
5
Let o(d) = -2*d**2 - 3*d + 1. Determine o(2).
-13
Let b(g) = -g**3 + g**2 + 10*g - 4. Determine b(4).
-12
Let l(s) = 40*s. Determine l(-1).
-40
Let p(k) = k - 1. Give p(-7).
-8
Let h(t) = 47*t + 316. Determine h(-7).
-13
Let u(f) = -f**3 - 15*f**2 - 27*f - 7. Give u(-13).
6
Let d(n) = -3*n + 2. What is d(0)?
2
Let y(c) = 4*c**2 + 24*c - 40. What is y(-7)?
-12
Let v(u) = -u**3 + 4*u**2 - u - 5. Give v(3).
1
Let i(z) = -9*z**2 - 3*z - 2. Determine i(-3).
-74
Let i(b) = -b**2 + 13*b + 42. Give i(16).
-6
Let c(i) = -22*i - 91. What is c(-3)?
-25
Let a(r) = r**3 + 23*r**2 - 27*r - 78. Calculate a(-24).
-6
Let l(q) = 30*q - 199. Give l(7).
11
Let h(r) = -17*r - 338. Determine h(-20).
2
Let s(d) = 8*d + 315. What is s(-41)?
-13
Let m(j) = -2*j**2 - 6*j - 6. Calculate m(-3).
-6
Let b(r) = 2*r**3 - 5*r - 2. What is b(-3)?
-41
Let q(l) = 2*l**2 + 1. Give q(3).
19
Let n(a) = a + 12. Calculate n(-6).
6
Let v(l) = l**3 + 5*l**2 + l - 2. What is v(-4)?
10
Let z(i) = i - 8. Determine z(5).
-3
Let p(l) = 12*l + 5. Calculate p(-2).
-19
Let o(k) = 8*k + 85. Determine o(-20).
-75
Let w(x) = -x**3 - 6*x**2 - 10*x - 41. Give w(-6).
19
Let h(a) = -a**2 - 4*a + 3. Determine h(3).
-18
Let x(h) = -h**3 + 11*h**2 + h + 12. Give x(11).
23
Let o(b) = -6*b - 26. Determine o(-4).
-2
Let z(m) = -m**2 - 31*m - 203. Calculate z(-9).
-5
Let g(r) = 4*r**2 - 9*r - 1. What is g(-3)?
62
Let r(c) = -10*c - 2. Calculate r(-1).
8
Let d(v) = -24*v + 11. Give d(3).
-61
Let s(f) = 2*f - 8. What is s(14)?
20
Let s(w) = -w**3 - 5*w**2 - 6*w - 54. What is s(-6)?
18
Let w(x) = -2*x**2 + 5*x + 4. Determine w(5).
-21
Let r(q) = 5*q + 65. What is r(-12)?
5
Let m(a) = a**2 - 13*a - 9. Give m(14).
5
Let h(q) = q**3 + 37*q**2 - q - 38. What is h(-37)?
-1
Let f(b) = -7*b - 13. Determine f(3).
-34
Let l(k) = -k**3 - k**2 - k - 13. What is l(0)?
-13
Let z(v) = v - 12. Give z(14).
2
Let l(d) = -d**2 - 14*d - 1. Calculate l(-14).
-1
Let t(s) = s**2 - 9*s - 14. Calculate t(10).
-4
Let n(k) = k**2 + 18*k - 18. Give n(-20).
22
Let v(a) = -8*a**2 - 13*a + 6. What is v(-2)?
0
Let o(w) = -w + 22. What is o(21)?
1
Let k(o) = -4*o - 17. Determine k(-13).
35
Let v(b) = b**3 - 11*b**2 + 9*b + 5. Calculate v(10).
-5
Let p(l) = l**2 + 8*l - 2. Determine p(-9).
7
Let h(o) = -6*o**2 - o + 10. Calculate h(-3).
-41
Let x(m) = 2*m**2 + 20*m + 9. What is x(-9)?
-9
Let q(d) = -28*d**2 + d. Give q(-1).
-29
Let b(a) = -100*a + 803. Give b(8).
3
Let m(v) = v**2 - 10*v + 8. Determine m(7).
-13
Let b(w) = -w - 10. Give b(-5).
-5
Let f(h) = -3*h - 12. Calculate f(-8).
12
Let c(x) = -8*x**3 - x**2 - x + 1. Calculate c(1).
-9
Let y(k) = 12*k - 13. Give y(7).
71
Let w(b) = b**2 - 9*b + 1. Calculate w(9).
1
Let q(u) = -u**3 + 13*u**2 - 7*u + 24. Calculate q(13).
-67
Let x(s) = -3*s**2 - 18*s - 2. Calculate x(-6).
-2
Let w(t) = -t**3 + 7*t**2 + t - 6. Calculate w(7).
1
Let a(g) = -4*g - 2. What is a(5)?
-22
Let b(v) = -2*v**2 - 42*v - 131. What is b(-17)?
5
Let w(u) = -u**3 + 5*u**2 - 2*u + 4. Calculate w(4).
12
Let d(r) = -6*r**2 - 2*r + 2. Determine d(-3).
-46
Let s(m) = -8*m - 35. What is s(-3)?
-11
Let c(k) = -2*k**2 + 14*k + 2. Determine c(8).
-14
Let p(v) = 3*v**2 - 7. Give p(-4).
41
Let u(m) = m**2 - 12*m - 1. What is u(6)?
-37
Let q(s) = s**3 - 5*s**2 - 10*s - 3. Calculate q(7).
25
Let s(j) = -13*j - 55. Give s(-5).
10
Let b(w) = -16*w**2 + 8*w - 7. Determine b(1).
-15
Let g(s) = 2*s**2 - 7*s + 5. What is g(5)?
20
Let k(l) = 6*l + 213. Give k(-34).
9
Let t(w) = -w**3 + 11*w**2 + 5*w + 13. Determine t(12).
-71
Let s(o) = -o**2 + 17*o + 3. What is s(17)?
3
Let u(t) = -t**2 + 29*t + 25. Calculate u(30).
-5
Let i(n) = -3*n**2 + 23*n - 7. Calculate i(0).
-7
Let p(c) = 2*c**2 + 7*c - 7. Calculat